(w) = 6*w**2 + 11*w - 95. Let d(j) = -3*i(j) - 4*r(j). List the prime factors of d(20).
3, 311
Suppose 484*v = 477*v + 224. Suppose 12*t = v*t - 10860. What are the prime factors of t?
3, 181
Suppose -1380 = 2*a - 5*r, -3*a - 2028 = -0*a + 3*r. Let z = -512 - a. What are the prime factors of z?
2, 3, 7
Let o = 2085 - -227. List the prime factors of o.
2, 17
Let y(x) = 393*x + 165. Let r(m) = 8*m + 84. Let j be r(-10). What are the prime factors of y(j)?
3, 193
What are the prime factors of (-13714)/(-23 - (-18 - 4))?
2, 6857
Let g(n) = -n**3 - 13*n**2 + 31*n + 20. Let t be g(-15). Let d = t + 0. Suppose -d*f + 27 + 53 = x, x - 87 = 2*f. List the prime factors of x.
5, 17
Let v = 60 + 9319. List the prime factors of v.
83, 113
Let i = 13469 - 3172. What are the prime factors of i?
7, 1471
List the prime factors of ((-390523)/658)/((-2 + 0)/28).
7, 1187
List the prime factors of (512/(-320))/((-4)/47100*3).
2, 5, 157
Suppose 3298 = -2*t - 4*o + 2*o, -3*o = -4*t - 6624. Let c = 2405 + t. List the prime factors of c.
2, 47
Let n = -457 - -478. Suppose -n*m + 9973 + 4790 = 0. What are the prime factors of m?
19, 37
Let h(s) = 6*s**3 - s**2 + 1. Suppose 0 = 44*c - 38*c - 6. What are the prime factors of h(c)?
2, 3
Let i be (2 + -8)*(1 + -14). Suppose -3*b - 79 = 2*w, 14*b - 9*b = -w - 141. Let m = i + b. List the prime factors of m.
7
What are the prime factors of 4 - (-282496)/48 - (-2)/3?
2, 5, 19, 31
Let r = 480 + -331. Suppose -14*a + r - 2613 = 0. Let q = a + 312. List the prime factors of q.
2, 17
Let o be 5/(-4) - (-23528)/32. Suppose -4*f = -o - 1686. What are the prime factors of f?
5, 11
Let d = -10 - -12. Let b be -8 + 8/d - -4. Let n(p) = -p**3 + p**2 - 2*p + 29. List the prime factors of n(b).
29
Let o be (-21)/7 + -3 + 1684/(-2). Let q = -593 - o. List the prime factors of q.
3, 5, 17
Suppose 4*p - 13113 = -5*q, 0 = -3*q + 5*p + 6033 + 1820. What are the prime factors of q?
2621
Let j be ((-318)/4)/((-12)/264). Suppose -14*q = -j - 4579. List the prime factors of q.
2, 113
Let p = -238 + 563. Suppose 0 = 8*c - 1899 - p. What are the prime factors of c?
2, 139
Suppose 9*l - 26*l + 4828 = 0. Let s = l + 79. What are the prime factors of s?
3, 11
Suppose 1901*r - 1869*r = 177600. What are the prime factors of r?
2, 3, 5, 37
Let j(a) = -1062*a**3 + 3*a**2 - 84*a - 163. What are the prime factors of j(-2)?
8513
Suppose -2032 = -123*z + 107*z. List the prime factors of z.
127
Suppose 0 = -t - t + 294. Let v = 40 - t. Let x = v - -154. List the prime factors of x.
47
Let g(t) = -t**3 + 5*t**2 + 4*t + 9. Let o be 4 + 1 - (-2 + 1). Let x be g(o). List the prime factors of 2/x + (-590)/(-3).
2, 7
Let i(b) = b**3 + 17*b**2 + b + 21. Let m be i(-17). Suppose -4*g = 2*w - 484, -g + 687 + 246 = m*w. List the prime factors of w.
2, 29
Let v = 365 - 349. List the prime factors of 10*500/v*2.
5
Suppose -3*m - 3*a = 654, 0 = -4*a + 2 + 10. Let f = m - -330. What are the prime factors of f?
109
Let l = -4835 + 24914. List the prime factors of l.
3, 23, 97
Suppose -3*b = -7*d + 227443, 43*d - 162404 = 38*d - 4*b. List the prime factors of d.
2, 31, 131
Let a(h) = 6*h - 6. Let p be a(2). Let y be 2*3*(165/10 - p). Suppose -2*c = -173 - y. What are the prime factors of c?
2, 59
Let o be (-4)/(-10) - (-9)/15. Let z(k) = 3*k**2 + 4*k + 12. Let p(b) = -4*b**2 - 3*b - 10. Let a(q) = -5*p(q) - 4*z(q). List the prime factors of a(o).
3
Let t(z) = z**2 + 28*z - 105. Let y be t(34). Suppose -p - 697 - 1812 = -5*i, 0 = 4*i - 5*p - y. List the prime factors of i.
2, 251
Let h(y) = y**2 - y - 1. Let o(w) = -2*w - 11. Let j be o(-8). Suppose -2*q + j + 7 = 0. List the prime factors of h(q).
29
Let r(n) = n**3 + 5*n**2 + 2*n + 5. Let i be r(-5). Let f be 0/((7 - -3)/i). Suppose g + 2*g - 171 = f. What are the prime factors of g?
3, 19
List the prime factors of 6*(12/(-18) - 566027/(-42)).
7, 11551
Suppose 77*q - 370864 = 51*q. List the prime factors of q.
2, 1783
Suppose -495 - 30 = 5*x. What are the prime factors of ((-632)/5)/(14/x)?
2, 3, 79
Let d(b) = 15*b**2 + 14*b - 5*b**2 + 10 - b**2 - 10*b**2 + 4. Suppose 0 = -z + 1 - 0, 4*z = -5*y + 59. What are the prime factors of d(y)?
47
Let c(f) = -743*f - 1. Let i be c(2). List the prime factors of i/(-9) - (-12)/(-54).
3, 5, 11
Let p(o) = -o**2 - 4 + 3*o + 2*o - 3*o. Let m be p(14). Let h = -88 - m. List the prime factors of h.
2, 3, 7
Let h(w) = 300*w + 621. List the prime factors of h(36).
3, 47
Let l = 39 + -67. Let b = -37 - l. Let y(v) = 2*v**2 + 9*v. List the prime factors of y(b).
3
Let v(t) = 58*t - 374. Let h(g) = 12*g - 17. Let d be h(2). What are the prime factors of v(d)?
2
Let g(m) = 3*m**3 + m**2 - 7*m + 10. Let f be g(2). List the prime factors of 4108/20 - (-2 + f/10).
5, 41
Let s = 24252 + -14680. List the prime factors of s.
2, 2393
Let m(z) = 9391*z**2 - 8*z + 21. What are the prime factors of m(2)?
3, 7, 1789
Let z(h) = -h**3 + 16*h**2 + 4*h - 23. Let v be z(16). Let f = v - -95. What are the prime factors of f?
2, 17
Suppose 194802 = 8*l - 279198. List the prime factors of l.
2, 3, 5, 79
Suppose 64110 = 36*x - 21606. What are the prime factors of x?
2381
Let w = 139021 - 80159. What are the prime factors of w?
2, 19, 1549
Suppose -s + 42 + 11 = 0. Let o(r) = -6*r**2 + r**3 - 27*r + s*r - 3 - 17*r - 30*r. List the prime factors of o(9).
3, 17
Let u(i) be the second derivative of i**6/360 - i**4/12 - i**3/6 + 14*i. Let b(m) be the second derivative of u(m). List the prime factors of b(-7).
47
Let c = 77 - 77. Suppose 2*x + 2*d - 6 = 0, c = 3*x + 2*x - 2*d - 22. Suppose h = -3*m + 651, 3*m + 112 = x*h + 748. What are the prime factors of m?
2, 3
Suppose 0 = -4*i - 4*w - w + 2, -25 = -5*i + 5*w. Suppose 15 = -5*h, -6*a + 3*a + i*h + 2328 = 0. List the prime factors of a.
773
Let g(o) = o**3 - 48*o**2 + 62*o - 5. Let d(t) = -2*t**3 + 99*t**2 - 122*t + 11. Let v(y) = -6*d(y) - 13*g(y). List the prime factors of v(8).
5, 163
Suppose 80535 = 143*s + 37562 - 263333. List the prime factors of s.
2, 3, 7, 17
Suppose -38*u + 134*u = -159*u + 6465525. List the prime factors of u.
5, 11, 461
Let l(g) be the first derivative of -g**4/4 - 7*g**3/3 + g**2/2 - 18*g - 9. Let s be l(-8). Let n = -24 + s. List the prime factors of n.
2, 7
Suppose -2*o = -5*l - o - 52, 0 = -o + 2. Let t = -258 - -259. Let c = t - l. What are the prime factors of c?
11
What are the prime factors of 2 + 1580 - (-15)/(-9)*(-3 - -6)?
19, 83
List the prime factors of (30 + -24 - -3) + 47524.
47533
What are the prime factors of (-307370)/(-7) - 33 - (-2 - -1)?
2, 3, 71, 103
Let d be (-5)/(-1 - (-5)/10). Suppose 6 = -y + 2*u, 2*y - 5*y = u - d. Suppose -y*o - 282 = -4*p, -4*o - 113 = 4*p - 413. What are the prime factors of p?
2, 3
Let q be (3/1)/((-72)/3264). Let u = q + 606. List the prime factors of u.
2, 5, 47
Suppose -294710 = -61*s - 4*s. List the prime factors of s.
2, 2267
Let r(z) = -z**3 + 17*z**2 + 3*z - 48. Let g be r(17). Suppose -g*t + 1625 = -2*x, -4*x - 100 = 2*t - 1162. List the prime factors of t.
7, 11
Suppose 5466 - 6423 = -4*s + 38719. What are the prime factors of s?
7, 13, 109
Let z(j) = 21*j + 44. Let m be z(-2). Suppose -1233 = -2*g - 7*h + 2*h, -m*h = 6. What are the prime factors of g?
2, 3, 13
Suppose -4*f = -7*f - 3*o + 9543, 3*f - 4*o = 9550. Suppose 6*z - 3*z - 4*r = f, r + 2123 = 2*z. List the prime factors of z.
2, 3, 59
Suppose 3*t + 24 = 3*s, 4*s - 3*t - 12 = 3*s. Let q(h) = s*h + 2 - 2*h + 0*h. What are the prime factors of q(12)?
2, 5
Let w = -104 + 108. Suppose 8 = 7*p - 3*p. Suppose -p*g - t + 292 = 3*t, 0 = 3*g - w*t - 388. What are the prime factors of g?
2, 17
Suppose -11*c + 170 = -6*c. Suppose -c*r + 215 = -29*r. What are the prime factors of (-3)/9*-3*-1 + r?
2, 3, 7
Suppose 5*y + 10*n = 12*n + 1091, -n = -2. Let a = y + -98. What are the prime factors of a?
11
Let x = -5174 + 31015. List the prime factors of x.
25841
Suppose 5*s = 19*s - 98. Suppose 12*l - s*l - 6747 = -o, 5*o = 2*l - 2715. What are the prime factors of l?
2, 3, 5
What are the prime factors of 3930/36*-58*-3?
5, 29, 131
Suppose -34*d = -32*d + u - 44455, 0 = -5*d + 4*u + 111144. List the prime factors of d.
2, 5557
Let g = 22385 + -12549. What are the prime factors of g?
2, 2459
Let b(r) = r**2 + r - 139. Let a(q) = -1. Let k(t)